What is 85329 (base 15) in base 7?
3410016
2021222021 (base 3) to base 15
d5bd
Convert -11260538 (base 9) to base 6.
-313142442
What is 259887 (base 12) in base 10?
618151
Convert 21320344 (base 5) to base 12.
89807
Convert 161b02 (base 14) to base 15.
104182
Convert -17b6157 (base 13) to base 10.
-7753454
Convert 100010001101000111100 (base 2) to base 15.
17216d
7b721 (base 13) to base 4
313000120
222343123 (base 5) to base 12
3b3892
What is -57275117 (base 8) in base 2?
-101111010111101001001111
Convert -123222312 (base 4) to base 3.
-12202110120
Convert -100100000011011110 (base 2) to base 14.
-3bb66
1121221222220 (base 3) to base 14
1874c8
What is -1088a06 (base 12) in base 7?
-35630436
Convert -1636a8 (base 14) to base 4.
-2331322110
What is -412202332 (base 5) in base 10?
-1678467
Convert -287079 (base 16) to base 13.
-71a3b1
What is -1d622 (base 16) in base 8?
-353042
Convert 188719 (base 11) to base 9.
481342
What is 1104130 (base 5) in base 15?
5ab0
-101121122112 (base 3) to base 16
-33047
What is 24071621 (base 8) in base 2?
10100000111001110010001
-14411213 (base 5) to base 12
-750b9
Convert -100013313032 (base 4) to base 10.
-4226510
2114413343 (base 5) to base 16
43eb1a
What is 11001101101101011 (base 2) in base 7?
616031
What is -443c6 (base 16) in base 10?
-279494
Convert -3653522 (base 11) to base 2.
-11000010000011100100000
What is 405642 (base 10) in base 15?
802cc
What is 40c7c4 (base 16) in base 6?
230554500
Convert 1a8c33 (base 13) to base 4.
2211023011
Convert 90586 (base 14) to base 2.
1010100101011011010
Convert -20211110122101 (base 3) to base 2.
-1101110110011100101001
-2504021 (base 6) to base 14
-366cd
Convert -11561330 (base 7) to base 13.
-2a5591
-21012010012 (base 3) to base 9
-235105
Convert -f6c31f (base 16) to base 6.
-1334341251
7c0c27 (base 13) to base 2
1011001110101101100100
What is 37367b (base 12) in base 10?
897791
Convert 3543647 (base 8) to base 11.
60180a
What is 115503035 (base 6) in base 13?
60214a
What is -42823 (base 11) in base 3?
-10011100102
What is 8b8c8a (base 16) in base 8?
42706212
-8196bc (base 15) to base 2
-10111011111010011010111
79740c (base 15) to base 13
127c07a
Convert 11096a (base 15) to base 11.
505186
What is 2a493 (base 13) in base 14?
21184
293988 (base 12) to base 16
a8ab8
What is -1b2802 (base 13) in base 4?
-2220300030
1440324 (base 7) to base 3
100220000010
212100001120102 (base 3) to base 16
bd3b1b
-869bc (base 15) to base 14
-b1ac4
Convert -91925 (base 11) to base 10.
-134216
What is 11301502 (base 8) in base 11?
142a070
Convert aa238 (base 13) to base 6.
10333433
What is 1aa9d9 (base 14) in base 6?
32220311
-332053452 (base 6) to base 5
-3012314042
What is 670625 (base 8) in base 6?
4500501
What is 4c8a1d (base 14) in base 13?
713bc9
What is -81a1091 (base 11) in base 15?
-1410ba5
1117978 (base 11) to base 7
22432465
-666059 (base 10) to base 15
-d253e
110111101011011 (base 2) to base 11
1a466
Convert -11221222211 (base 3) to base 12.
-48641
What is -1229595 (base 10) in base 11?
-76a8a4
Convert -214653042 (base 7) to base 2.
-110001010110100110101111
What is 24118 (base 10) in base 12?
11b5a
What is 454129b (base 12) in base 4?
302220201113
What is 9bf85 (base 16) in base 14?
128b65
What is -1112033202 (base 5) in base 16?
-257783
Convert 40a1a (base 14) to base 5.
14440043
-12040021 (base 5) to base 6
-2221554
What is 507095 (base 13) in base 11?
1069488
Convert -1140924 (base 11) to base 4.
-13212121203
11121112 (base 4) to base 12
1095a
Convert 1636625 (base 11) to base 8.
12512201
Convert 1825b9 (base 15) to base 2.
100011110001111001000
Convert -37b3 (base 12) to base 15.
-1d1c
Convert 35431204 (base 6) to base 4.
10032212110
-777ec (base 15) to base 5
-44123142
What is 26752102 (base 8) in base 6?
332553350
Convert b87b7 (base 16) to base 7.
6265013
Convert 1514254 (base 6) to base 10.
87802
53770736 (base 8) to base 9
23624148
What is 110010000001010100011 (base 2) in base 7?
16634434
Convert -3b3c7 (base 13) to base 6.
-2211400
Convert -14ea5 (base 15) to base 7.
-400406
-1354424 (base 12) to base 15
-50dd01
-1100110101011110101010 (base 2) to base 5
-1330133103
1021100001211 (base 3) to base 14
13841a
What is -57446 (base 10) in base 14?
-16d14
What is -93490 (base 11) in base 13?
-4a0a1
What is 4654268 (base 9) in base 2?
1001100110010000100011
What is 72646 (base 10) in base 4?
101233012
What is -21063265 (base 7) in base 9?
-3313117
68d05 (base 16) to base 9
723818
What is -146971 (base 11) in base 9?
-377726
Convert -599736 (base 11) to base 7.
-11034233
What is 1122120220121 (base 3) in base 5?
211041101
Convert 10110001011011001111111 (base 2) to base 15.
79c977
Convert 293607 (base 16) to base 5.
1142411212
What is 7863147 (base 10) in base 2?
11101111111101101101011
What is 110591 (base 12) in base 11?
175176
What is 101000010011111010 (base 2) in base 10?
165114
What is -8e048c (base 16) in base 13?
-1c0b484
What is 1004606 (base 7) in base 2?
11101001000011001
What is 2ebbd (base 15) in base 2?
100100111001110001
Convert 2532311 (base 6) to base 16.
215b3
Convert 323550004 (base 6) to base 10.
5784052
-3341464 (base 11) to base 12
-1b66265
166661 (base 11) to base 13
90393
What is 31863 (base 11) in base 12?
22957
What is -103023301 (base 4) in base 7?
-445042
Convert -13868 (base 14) to base 3.
-2110021012
What is 14410223 (base 6) in base 11?
310a3a
Convert -11100033 (base 4) to base 7.
-116511
Convert -33155354 (base 8) to base 11.
-4032913
What is -21353253 (base 6) in base 5?
-130341324
Convert -200021220 (base 4) to base 13.
-47c2b
-16354b (base 13) to base 10
-550158
Convert 1390d (base 15) to base 14.
18c4c
-18331 (base 9) to base 11
-9573
d483 (base 15) to base 9
67526
1001100101110111100 (base 2) to base 14
82780
202221101022221 (base 3) to base 5
10322102201
Convert 20100043 (base 5) to base 14.
42138
Convert -a1bba9 (base 14) to base 6.
-312443305
-212120010111 (base 3) to base 14
-c1002
Convert 10010001010001110 (base 2) to base 7.
426600
-266600 (base 13) to base 6
-31520552
Convert -11003233200 (base 4) to base 7.
-14162013
1203020111 (base 4) to base 2
1100011001000010101
What is -1110101101110110001010 (base 2) in base 9?
-7228816
Convert -877512 (base 9) to base 14.
-d8c90
Convert -133623023 (base 7) to base 8.
-41126433
What is 1211515 (base 6) in base 9?
106602
What is -201220002 (base 5) in base 3?
-1111212101202
ea9ccd (base 16) to base 14
20834a9
-100010110001000110010 (base 2) to base 8
-4261062
Convert 21123322212 (base 4) to base 12.
9b3606
What is -77852 (base 10) in base 8?
-230034
Convert -307447 (base 9) to base 3.
-100021111121
What is 2001112122202 (base 3) in base 14?
2065b4
13726237 (base 8) to base 7
35361663
-a589b (base 13) to base 14
-7a8b1
What is -222012122200 (base 3) in base 9?
-865580
Convert -62421031 (base 7) to base 8.
-24013667
-1030448 (base 9) to base 15
-ad612
What is -1100110100001110100110 (base 2) in base 14?
-636514
-100324 (base 12) to base 7
-2055541
-70415450 (base 8) to base 7
-236644265
-6601364 (base 7) to base 5
-201313042
Convert -2a7b6 (base 15) to base 2.
-100001011000101010
What is 1bbcc1 (base 15) in base 10?
1356256
What is 340234 (base 9) in base 15?
404c4
Convert -9ee18 (base 15) to base 11.
-316224
What is -e99e1 (base 16) in base 14?
-1aca1b
What is 927368 (base 13) in base 14?
64c615
-122313 (base 6) to base 12
-6399
206014 (base 7) to base 5
2120213
1048195 (base 11) to base 2
111000001011101100110
-1000000010010000101011 (base 2) to base 8
-10022053
Convert -10110101111011000000 (base 2) to base 6.
-23545440
What is 239063 (base 12) in base 16?
8c80b
Convert -24427 (base 9) to base 8.
-40003
Convert -607154 (base 11) to base 15.
-1441d8
What is -3519c (base 13) in base 5?
-11100331
What is -5a6a2 (base 13) in base 2?
-101000100000100001
What is -313a50 (base 11) in base 7?
-4163424
Convert -5432655 (base 9) to base 8.
-13075406
379388 (base 10) to base 7
3140042
What is -bb335 (base 13) in base 11?
-211681
What is 213244341 (base 6) in base 16?
39ff25
-10143145 (base 6) to base 14
-79001
Convert 6d7a6 (base 15) to base 5.
42134411
Convert -1210101110 (base 4) to base 13.
-114c2c
Convert -11013003 (base 6) to base 2.
-1010000001101011011
What is -15246026 (base 7) in base 2